{"id":123,"date":"2018-09-08T10:06:35","date_gmt":"2018-09-08T08:06:35","guid":{"rendered":"https:\/\/www.mieten24.ch\/?post_type=product&#038;p=123"},"modified":"2018-10-23T11:53:02","modified_gmt":"2018-10-23T09:53:02","slug":"lcd-tv-47-119cm","status":"publish","type":"product","link":"https:\/\/www.mieten24.ch\/?product=lcd-tv-47-119cm","title":{"rendered":"LCD TV 47&#8243; (119cm)"},"content":{"rendered":"<p><span style=\"font-family: Arial; font-size: small; color: #000000;\">Mieten Sie einen modernen LCD TV mit 47&#8243; (119cm) Bilddiagonale inkl. Handbuch, Fernbedienung,\u00a0f\u00fcr zwei Tage. Lautsprecher integriert.<\/span><\/p>\n<p><span style=\"font-family: Arial; font-size: small; color: #000000;\"><span style=\"font-family: Arial; font-size: small;\">F\u00fcr eine l\u00e4ngere Mietdauer fragen Sie uns einfach an..<br \/>\nDas Depot wird Ihnen nach der Produkter\u00fcckgabe\u00a0gutgeschrieben.<\/span><\/span><\/p>\n<p><strong><span style=\"font-size: small;\"><span style=\"color: #000000;\">Hauslieferung auf Anfrage. Bitte senden Sie uns ein E-Mail an<\/span>\u00a0<\/span><a href=\"mailto:info@mieten24.ch\"><span style=\"color: #ff0000; font-family: Arial; font-size: small;\">info@mieten24.ch<\/span><\/a><span style=\"font-size: small;\">\u00a0<span style=\"color: #000000;\">mit Ihrer Adresse damit wir Ihnen eine Offerte zukommen lassen k\u00f6nnen.<\/span><\/span><\/strong><\/p>\n<p><span style=\"font-family: Arial; font-size: small;\"><span style=\"color: #000000;\">Abholung des Bildschirms im Verkaufsladen an der Grubenstrasse 108 in Schaffhausen, oder Versand nach Absprache.<\/span><br \/>\n<span style=\"color: #000000;\">Sind noch Fragen offen?<\/span>\u00a0<\/span><a href=\"mailto:info@mieten24.ch\"><strong><span style=\"color: #ff0000; font-family: Arial; font-size: small;\">info@mieten24.ch<\/span><\/strong><\/a><span style=\"font-family: Arial; font-size: small;\"><span style=\"color: #000000;\">\u00a0oder Tel. 052 674 09 90.<\/span><br \/>\n<span style=\"color: #000000;\">Hier k\u00f6nnen Sie\u00a0viele verschiede\u00a0Modelle\u00a0kaufen<\/span>:\u00a0<\/span><strong><span style=\"color: #ff0000; font-family: Arial; font-size: small;\"><a href=\"http:\/\/www.kaufich.ch\"><span style=\"color: #ff0000;\">Grosse Auswahl an modernsten TV-Ger\u00e4ten<\/span><\/a>.\u00a0<span style=\"color: #d0121a;\"><a href=\"http:\/\/www.kaufich.ch\">www.kaufich.ch<\/a><\/span><\/span><\/strong><\/p>\n","protected":false},"excerpt":{"rendered":"<p>Mieten Sie einen modernen LCD TV mit 47&#8243; (119cm) Bilddiagonale inkl. Handbuch, Fernbedienung,\u00a0f\u00fcr zwei Tage. Lautsprecher integriert. F\u00fcr eine l\u00e4ngere Mietdauer fragen Sie uns einfach an.. Das Depot wird Ihnen nach der Produkter\u00fcckgabe\u00a0gutgeschrieben. Hauslieferung auf Anfrage. Bitte senden Sie uns ein E-Mail an\u00a0info@mieten24.ch\u00a0mit Ihrer Adresse damit wir Ihnen eine Offerte zukommen lassen k\u00f6nnen. Abholung des&#8230;<\/p>\n","protected":false},"featured_media":60,"template":"","meta":[],"product_brand":[],"product_cat":[44],"product_tag":[],"class_list":{"0":"post-123","1":"product","2":"type-product","3":"status-publish","4":"has-post-thumbnail","6":"product_cat-www-mieten24-ch-kategorie-fernseher","7":"product_shipping_class-postpac-priority-bis-10kg","9":"first","10":"instock","11":"taxable","12":"shipping-taxable","13":"purchasable","14":"product-type-variable","15":"has-default-attributes"},"yoast_head":"<!-- This site is optimized with the Yoast SEO plugin v27.4 - https:\/\/yoast.com\/product\/yoast-seo-wordpress\/ -->\n<title>LCD TV 47&quot; (119cm) - Mieten24<\/title>\n<meta name=\"robots\" content=\"index, follow, max-snippet:-1, max-image-preview:large, max-video-preview:-1\" \/>\n<link rel=\"canonical\" href=\"https:\/\/www.mieten24.ch\/?product=lcd-tv-47-119cm\" \/>\n<meta property=\"og:locale\" content=\"de_DE\" \/>\n<meta property=\"og:type\" content=\"article\" \/>\n<meta property=\"og:title\" content=\"LCD TV 47&quot; (119cm) - Mieten24\" \/>\n<meta property=\"og:description\" content=\"Mieten Sie einen modernen LCD TV mit 47&#8243; (119cm) Bilddiagonale inkl. Handbuch, Fernbedienung,\u00a0f\u00fcr zwei Tage. Lautsprecher integriert. F\u00fcr eine l\u00e4ngere Mietdauer fragen Sie uns einfach an.. Das Depot wird Ihnen nach der Produkter\u00fcckgabe\u00a0gutgeschrieben. Hauslieferung auf Anfrage. Bitte senden Sie uns ein E-Mail an\u00a0info@mieten24.ch\u00a0mit Ihrer Adresse damit wir Ihnen eine Offerte zukommen lassen k\u00f6nnen. Abholung des...\" \/>\n<meta property=\"og:url\" content=\"https:\/\/www.mieten24.ch\/?product=lcd-tv-47-119cm\" \/>\n<meta property=\"og:site_name\" content=\"Mieten24\" \/>\n<meta property=\"article:modified_time\" content=\"2018-10-23T09:53:02+00:00\" \/>\n<meta property=\"og:image\" content=\"https:\/\/www.mieten24.ch\/wp-content\/uploads\/2018\/09\/category_130.jpg\" \/>\n\t<meta property=\"og:image:width\" content=\"120\" \/>\n\t<meta property=\"og:image:height\" content=\"100\" \/>\n\t<meta property=\"og:image:type\" content=\"image\/jpeg\" \/>\n<meta name=\"twitter:card\" content=\"summary_large_image\" \/>\n<meta name=\"twitter:label1\" content=\"Gesch\u00e4tzte Lesezeit\" \/>\n\t<meta name=\"twitter:data1\" content=\"1\u00a0Minute\" \/>\n<script type=\"application\/ld+json\" class=\"yoast-schema-graph\">{\"@context\":\"https:\\\/\\\/schema.org\",\"@graph\":[{\"@type\":\"WebPage\",\"@id\":\"https:\\\/\\\/www.mieten24.ch\\\/?product=lcd-tv-47-119cm\",\"url\":\"https:\\\/\\\/www.mieten24.ch\\\/?product=lcd-tv-47-119cm\",\"name\":\"LCD TV 47\\\" (119cm) - Mieten24\",\"isPartOf\":{\"@id\":\"https:\\\/\\\/www.mieten24.ch\\\/#website\"},\"primaryImageOfPage\":{\"@id\":\"https:\\\/\\\/www.mieten24.ch\\\/?product=lcd-tv-47-119cm#primaryimage\"},\"image\":{\"@id\":\"https:\\\/\\\/www.mieten24.ch\\\/?product=lcd-tv-47-119cm#primaryimage\"},\"thumbnailUrl\":\"https:\\\/\\\/www.mieten24.ch\\\/wp-content\\\/uploads\\\/2018\\\/09\\\/category_130.jpg\",\"datePublished\":\"2018-09-08T08:06:35+00:00\",\"dateModified\":\"2018-10-23T09:53:02+00:00\",\"breadcrumb\":{\"@id\":\"https:\\\/\\\/www.mieten24.ch\\\/?product=lcd-tv-47-119cm#breadcrumb\"},\"inLanguage\":\"de\",\"potentialAction\":[{\"@type\":\"ReadAction\",\"target\":[\"https:\\\/\\\/www.mieten24.ch\\\/?product=lcd-tv-47-119cm\"]}]},{\"@type\":\"ImageObject\",\"inLanguage\":\"de\",\"@id\":\"https:\\\/\\\/www.mieten24.ch\\\/?product=lcd-tv-47-119cm#primaryimage\",\"url\":\"https:\\\/\\\/www.mieten24.ch\\\/wp-content\\\/uploads\\\/2018\\\/09\\\/category_130.jpg\",\"contentUrl\":\"https:\\\/\\\/www.mieten24.ch\\\/wp-content\\\/uploads\\\/2018\\\/09\\\/category_130.jpg\",\"width\":120,\"height\":100},{\"@type\":\"BreadcrumbList\",\"@id\":\"https:\\\/\\\/www.mieten24.ch\\\/?product=lcd-tv-47-119cm#breadcrumb\",\"itemListElement\":[{\"@type\":\"ListItem\",\"position\":1,\"name\":\"Startseite\",\"item\":\"https:\\\/\\\/www.mieten24.ch\\\/\"},{\"@type\":\"ListItem\",\"position\":2,\"name\":\"LCD TV 47&#8243; (119cm)\"}]},{\"@type\":\"WebSite\",\"@id\":\"https:\\\/\\\/www.mieten24.ch\\\/#website\",\"url\":\"https:\\\/\\\/www.mieten24.ch\\\/\",\"name\":\"Mieten24\",\"description\":\"Mietger\u00e4te zum fairen Preis\",\"publisher\":{\"@id\":\"https:\\\/\\\/www.mieten24.ch\\\/#organization\"},\"potentialAction\":[{\"@type\":\"SearchAction\",\"target\":{\"@type\":\"EntryPoint\",\"urlTemplate\":\"https:\\\/\\\/www.mieten24.ch\\\/?s={search_term_string}\"},\"query-input\":{\"@type\":\"PropertyValueSpecification\",\"valueRequired\":true,\"valueName\":\"search_term_string\"}}],\"inLanguage\":\"de\"},{\"@type\":\"Organization\",\"@id\":\"https:\\\/\\\/www.mieten24.ch\\\/#organization\",\"name\":\"Mieten24\",\"url\":\"https:\\\/\\\/www.mieten24.ch\\\/\",\"logo\":{\"@type\":\"ImageObject\",\"inLanguage\":\"de\",\"@id\":\"https:\\\/\\\/www.mieten24.ch\\\/#\\\/schema\\\/logo\\\/image\\\/\",\"url\":\"https:\\\/\\\/www.mieten24.ch\\\/wp-content\\\/uploads\\\/2018\\\/09\\\/mieten24.png\",\"contentUrl\":\"https:\\\/\\\/www.mieten24.ch\\\/wp-content\\\/uploads\\\/2018\\\/09\\\/mieten24.png\",\"width\":640,\"height\":400,\"caption\":\"Mieten24\"},\"image\":{\"@id\":\"https:\\\/\\\/www.mieten24.ch\\\/#\\\/schema\\\/logo\\\/image\\\/\"}}]}<\/script>\n<!-- \/ Yoast SEO plugin. -->","yoast_head_json":{"title":"LCD TV 47\" (119cm) - Mieten24","robots":{"index":"index","follow":"follow","max-snippet":"max-snippet:-1","max-image-preview":"max-image-preview:large","max-video-preview":"max-video-preview:-1"},"canonical":"https:\/\/www.mieten24.ch\/?product=lcd-tv-47-119cm","og_locale":"de_DE","og_type":"article","og_title":"LCD TV 47\" (119cm) - Mieten24","og_description":"Mieten Sie einen modernen LCD TV mit 47&#8243; (119cm) Bilddiagonale inkl. Handbuch, Fernbedienung,\u00a0f\u00fcr zwei Tage. Lautsprecher integriert. F\u00fcr eine l\u00e4ngere Mietdauer fragen Sie uns einfach an.. Das Depot wird Ihnen nach der Produkter\u00fcckgabe\u00a0gutgeschrieben. Hauslieferung auf Anfrage. Bitte senden Sie uns ein E-Mail an\u00a0info@mieten24.ch\u00a0mit Ihrer Adresse damit wir Ihnen eine Offerte zukommen lassen k\u00f6nnen. Abholung des...","og_url":"https:\/\/www.mieten24.ch\/?product=lcd-tv-47-119cm","og_site_name":"Mieten24","article_modified_time":"2018-10-23T09:53:02+00:00","og_image":[{"width":120,"height":100,"url":"https:\/\/www.mieten24.ch\/wp-content\/uploads\/2018\/09\/category_130.jpg","type":"image\/jpeg"}],"twitter_card":"summary_large_image","twitter_misc":{"Gesch\u00e4tzte Lesezeit":"1\u00a0Minute"},"schema":{"@context":"https:\/\/schema.org","@graph":[{"@type":"WebPage","@id":"https:\/\/www.mieten24.ch\/?product=lcd-tv-47-119cm","url":"https:\/\/www.mieten24.ch\/?product=lcd-tv-47-119cm","name":"LCD TV 47\" (119cm) - Mieten24","isPartOf":{"@id":"https:\/\/www.mieten24.ch\/#website"},"primaryImageOfPage":{"@id":"https:\/\/www.mieten24.ch\/?product=lcd-tv-47-119cm#primaryimage"},"image":{"@id":"https:\/\/www.mieten24.ch\/?product=lcd-tv-47-119cm#primaryimage"},"thumbnailUrl":"https:\/\/www.mieten24.ch\/wp-content\/uploads\/2018\/09\/category_130.jpg","datePublished":"2018-09-08T08:06:35+00:00","dateModified":"2018-10-23T09:53:02+00:00","breadcrumb":{"@id":"https:\/\/www.mieten24.ch\/?product=lcd-tv-47-119cm#breadcrumb"},"inLanguage":"de","potentialAction":[{"@type":"ReadAction","target":["https:\/\/www.mieten24.ch\/?product=lcd-tv-47-119cm"]}]},{"@type":"ImageObject","inLanguage":"de","@id":"https:\/\/www.mieten24.ch\/?product=lcd-tv-47-119cm#primaryimage","url":"https:\/\/www.mieten24.ch\/wp-content\/uploads\/2018\/09\/category_130.jpg","contentUrl":"https:\/\/www.mieten24.ch\/wp-content\/uploads\/2018\/09\/category_130.jpg","width":120,"height":100},{"@type":"BreadcrumbList","@id":"https:\/\/www.mieten24.ch\/?product=lcd-tv-47-119cm#breadcrumb","itemListElement":[{"@type":"ListItem","position":1,"name":"Startseite","item":"https:\/\/www.mieten24.ch\/"},{"@type":"ListItem","position":2,"name":"LCD TV 47&#8243; (119cm)"}]},{"@type":"WebSite","@id":"https:\/\/www.mieten24.ch\/#website","url":"https:\/\/www.mieten24.ch\/","name":"Mieten24","description":"Mietger\u00e4te zum fairen Preis","publisher":{"@id":"https:\/\/www.mieten24.ch\/#organization"},"potentialAction":[{"@type":"SearchAction","target":{"@type":"EntryPoint","urlTemplate":"https:\/\/www.mieten24.ch\/?s={search_term_string}"},"query-input":{"@type":"PropertyValueSpecification","valueRequired":true,"valueName":"search_term_string"}}],"inLanguage":"de"},{"@type":"Organization","@id":"https:\/\/www.mieten24.ch\/#organization","name":"Mieten24","url":"https:\/\/www.mieten24.ch\/","logo":{"@type":"ImageObject","inLanguage":"de","@id":"https:\/\/www.mieten24.ch\/#\/schema\/logo\/image\/","url":"https:\/\/www.mieten24.ch\/wp-content\/uploads\/2018\/09\/mieten24.png","contentUrl":"https:\/\/www.mieten24.ch\/wp-content\/uploads\/2018\/09\/mieten24.png","width":640,"height":400,"caption":"Mieten24"},"image":{"@id":"https:\/\/www.mieten24.ch\/#\/schema\/logo\/image\/"}}]}},"_links":{"self":[{"href":"https:\/\/www.mieten24.ch\/index.php?rest_route=\/wp\/v2\/product\/123","targetHints":{"allow":["GET"]}}],"collection":[{"href":"https:\/\/www.mieten24.ch\/index.php?rest_route=\/wp\/v2\/product"}],"about":[{"href":"https:\/\/www.mieten24.ch\/index.php?rest_route=\/wp\/v2\/types\/product"}],"wp:featuredmedia":[{"embeddable":true,"href":"https:\/\/www.mieten24.ch\/index.php?rest_route=\/wp\/v2\/media\/60"}],"wp:attachment":[{"href":"https:\/\/www.mieten24.ch\/index.php?rest_route=%2Fwp%2Fv2%2Fmedia&parent=123"}],"wp:term":[{"taxonomy":"product_brand","embeddable":true,"href":"https:\/\/www.mieten24.ch\/index.php?rest_route=%2Fwp%2Fv2%2Fproduct_brand&post=123"},{"taxonomy":"product_cat","embeddable":true,"href":"https:\/\/www.mieten24.ch\/index.php?rest_route=%2Fwp%2Fv2%2Fproduct_cat&post=123"},{"taxonomy":"product_tag","embeddable":true,"href":"https:\/\/www.mieten24.ch\/index.php?rest_route=%2Fwp%2Fv2%2Fproduct_tag&post=123"}],"curies":[{"name":"wp","href":"https:\/\/api.w.org\/{rel}","templated":true}]}}