{"id":45,"date":"2018-09-01T11:27:19","date_gmt":"2018-09-01T09:27:19","guid":{"rendered":"https:\/\/www.mieten24.ch\/?post_type=product&#038;p=45"},"modified":"2019-04-11T17:38:56","modified_gmt":"2019-04-11T15:38:56","slug":"hp-probook-15-6-notebook","status":"publish","type":"product","link":"https:\/\/www.mieten24.ch\/?product=hp-probook-15-6-notebook","title":{"rendered":"HP ProBook 15.6&#8243; Notebook (MIET.NB.001)"},"content":{"rendered":"<p><strong>Mieten Sie sich ein Notebook<br \/>\nf\u00fcr Zuhause oder das Gesch\u00e4ft<br \/>\n(Mindestmiete 2 Tage).<\/strong><\/p>\n<p>Miete f\u00fcr Notebook<\/p>\n<p>HP ProBook 4540<br \/>\n* INTEL Core i5-4200M, AMD Radeon HD 7650M 2GB,<br \/>\n8GB RAM (max. 2x8GB), 1TB Festplatte, DVD-LW,<br \/>\n4 x USB, HDMI, VGA, Webcam, Bluetooth, Cardr.,<br \/>\nWindows 10 Pro.<br \/>\nS\/N: 2CE31017LZ<\/p>\n<p>Installierte Produkte:<br \/>\nMS Office Home &amp; Student 2010 d. ohne CD<br \/>\n* Word 2010, Excel 2010, PowerPoint 2010,<\/p>\n<p>Zubeh\u00f6r:<br \/>\n1x Netzteil<br \/>\n1x Handbuch<\/p>\n<p>F\u00fcr eine l\u00e4ngere Mietdauer fragen Sie uns einfach an.<br \/>\nDas Depot wird Ihnen nach der Produkter\u00fcckgabe\u00a0gutgeschrieben.<\/p>\n<p>Abholung des Notebooks\u00a0im Verkaufsladen an der Grubenstrasse 108 in Schaffhausen oder Versand nach Absprache.<br \/>\nSind noch fragen offen?\u00a0<a href=\"mailto:info@mieten24.ch\">info@mieten24.ch<\/a>\u00a0oder Tel. 052 674 09 90.<br \/>\nEine grosse Auswahl an\u00a0Notebooks zum Kaufen finden Sie auf <a href=\"http:\/\/www.kaufich.ch\">www.kaufich.ch<\/a><\/p>\n<p>&nbsp;<\/p>\n","protected":false},"excerpt":{"rendered":"<p>Mieten Sie sich ein Notebook f\u00fcr Zuhause oder das Gesch\u00e4ft (Mindestmiete 2 Tage). Miete f\u00fcr Notebook HP ProBook 4540 * INTEL Core i5-4200M, AMD Radeon HD 7650M 2GB, 8GB RAM (max. 2x8GB), 1TB Festplatte, DVD-LW, 4 x USB, HDMI, VGA, Webcam, Bluetooth, Cardr., Windows 10 Pro. S\/N: 2CE31017LZ Installierte Produkte: MS Office Home &amp; Student&#8230;<\/p>\n","protected":false},"featured_media":248,"template":"","meta":[],"product_brand":[],"product_cat":[34],"product_tag":[35,27,38,37,36],"class_list":{"0":"post-45","1":"product","2":"type-product","3":"status-publish","4":"has-post-thumbnail","6":"product_cat-www-mieten24-ch-kategorie","7":"product_tag-hp","8":"product_tag-miete","9":"product_tag-mietnotebook","10":"product_tag-notebook","11":"product_tag-probook","12":"product_shipping_class-postpac-priority-bis-10kg","14":"first","15":"instock","16":"sold-individually","17":"taxable","18":"shipping-taxable","19":"purchasable","20":"product-type-variable","21":"has-default-attributes"},"yoast_head":"<!-- This site is optimized with the Yoast SEO plugin v27.4 - https:\/\/yoast.com\/product\/yoast-seo-wordpress\/ -->\n<title>HP ProBook 15.6&quot; Notebook (MIET.NB.001) - Mieten24 Mieten Sie sich ein Notebook<\/title>\n<meta name=\"description\" content=\"Abholung des HP ProBook 15.6&quot;\u00a0im Verkaufsladen in Schaffhausen oder Versand nach Absprache. Sind noch fragen offen?\u00a0info@mieten24.ch\u00a0oder Tel. 052 674 09 90\" \/>\n<meta name=\"robots\" content=\"index, follow, max-snippet:-1, max-image-preview:large, max-video-preview:-1\" \/>\n<link rel=\"canonical\" href=\"https:\/\/www.mieten24.ch\/?product=hp-probook-15-6-notebook\" \/>\n<meta property=\"og:locale\" content=\"de_DE\" \/>\n<meta property=\"og:type\" content=\"article\" \/>\n<meta property=\"og:title\" content=\"HP ProBook 15.6&quot; Notebook (MIET.NB.001) - Mieten24 Mieten Sie sich ein Notebook\" \/>\n<meta property=\"og:description\" content=\"Abholung des HP ProBook 15.6&quot;\u00a0im Verkaufsladen in Schaffhausen oder Versand nach Absprache. Sind noch fragen offen?\u00a0info@mieten24.ch\u00a0oder Tel. 052 674 09 90\" \/>\n<meta property=\"og:url\" content=\"https:\/\/www.mieten24.ch\/?product=hp-probook-15-6-notebook\" \/>\n<meta property=\"og:site_name\" content=\"Mieten24\" \/>\n<meta property=\"article:modified_time\" content=\"2019-04-11T15:38:56+00:00\" \/>\n<meta property=\"og:image\" content=\"https:\/\/www.mieten24.ch\/wp-content\/uploads\/2018\/09\/hp.jpg\" \/>\n\t<meta property=\"og:image:width\" content=\"2208\" \/>\n\t<meta property=\"og:image:height\" content=\"1504\" \/>\n\t<meta property=\"og:image:type\" content=\"image\/jpeg\" \/>\n<meta name=\"twitter:card\" content=\"summary_large_image\" \/>\n<meta name=\"twitter:label1\" content=\"Gesch\u00e4tzte Lesezeit\" \/>\n\t<meta name=\"twitter:data1\" content=\"1\u00a0Minute\" \/>\n<script type=\"application\/ld+json\" class=\"yoast-schema-graph\">{\"@context\":\"https:\\\/\\\/schema.org\",\"@graph\":[{\"@type\":\"WebPage\",\"@id\":\"https:\\\/\\\/www.mieten24.ch\\\/?product=hp-probook-15-6-notebook\",\"url\":\"https:\\\/\\\/www.mieten24.ch\\\/?product=hp-probook-15-6-notebook\",\"name\":\"HP ProBook 15.6\\\" Notebook (MIET.NB.001) - Mieten24 Mieten Sie sich ein Notebook\",\"isPartOf\":{\"@id\":\"https:\\\/\\\/www.mieten24.ch\\\/#website\"},\"primaryImageOfPage\":{\"@id\":\"https:\\\/\\\/www.mieten24.ch\\\/?product=hp-probook-15-6-notebook#primaryimage\"},\"image\":{\"@id\":\"https:\\\/\\\/www.mieten24.ch\\\/?product=hp-probook-15-6-notebook#primaryimage\"},\"thumbnailUrl\":\"https:\\\/\\\/www.mieten24.ch\\\/wp-content\\\/uploads\\\/2018\\\/09\\\/hp.jpg\",\"datePublished\":\"2018-09-01T09:27:19+00:00\",\"dateModified\":\"2019-04-11T15:38:56+00:00\",\"description\":\"Abholung des HP ProBook 15.6\\\"\u00a0im Verkaufsladen in Schaffhausen oder Versand nach Absprache. Sind noch fragen offen?\u00a0info@mieten24.ch\u00a0oder Tel. 052 674 09 90\",\"breadcrumb\":{\"@id\":\"https:\\\/\\\/www.mieten24.ch\\\/?product=hp-probook-15-6-notebook#breadcrumb\"},\"inLanguage\":\"de\",\"potentialAction\":[{\"@type\":\"ReadAction\",\"target\":[\"https:\\\/\\\/www.mieten24.ch\\\/?product=hp-probook-15-6-notebook\"]}]},{\"@type\":\"ImageObject\",\"inLanguage\":\"de\",\"@id\":\"https:\\\/\\\/www.mieten24.ch\\\/?product=hp-probook-15-6-notebook#primaryimage\",\"url\":\"https:\\\/\\\/www.mieten24.ch\\\/wp-content\\\/uploads\\\/2018\\\/09\\\/hp.jpg\",\"contentUrl\":\"https:\\\/\\\/www.mieten24.ch\\\/wp-content\\\/uploads\\\/2018\\\/09\\\/hp.jpg\",\"width\":2208,\"height\":1504,\"caption\":\"hp\"},{\"@type\":\"BreadcrumbList\",\"@id\":\"https:\\\/\\\/www.mieten24.ch\\\/?product=hp-probook-15-6-notebook#breadcrumb\",\"itemListElement\":[{\"@type\":\"ListItem\",\"position\":1,\"name\":\"Startseite\",\"item\":\"https:\\\/\\\/www.mieten24.ch\\\/\"},{\"@type\":\"ListItem\",\"position\":2,\"name\":\"HP ProBook 15.6&#8243; Notebook (MIET.NB.001)\"}]},{\"@type\":\"WebSite\",\"@id\":\"https:\\\/\\\/www.mieten24.ch\\\/#website\",\"url\":\"https:\\\/\\\/www.mieten24.ch\\\/\",\"name\":\"Mieten24\",\"description\":\"Mietger\u00e4te zum fairen Preis\",\"publisher\":{\"@id\":\"https:\\\/\\\/www.mieten24.ch\\\/#organization\"},\"potentialAction\":[{\"@type\":\"SearchAction\",\"target\":{\"@type\":\"EntryPoint\",\"urlTemplate\":\"https:\\\/\\\/www.mieten24.ch\\\/?s={search_term_string}\"},\"query-input\":{\"@type\":\"PropertyValueSpecification\",\"valueRequired\":true,\"valueName\":\"search_term_string\"}}],\"inLanguage\":\"de\"},{\"@type\":\"Organization\",\"@id\":\"https:\\\/\\\/www.mieten24.ch\\\/#organization\",\"name\":\"Mieten24\",\"url\":\"https:\\\/\\\/www.mieten24.ch\\\/\",\"logo\":{\"@type\":\"ImageObject\",\"inLanguage\":\"de\",\"@id\":\"https:\\\/\\\/www.mieten24.ch\\\/#\\\/schema\\\/logo\\\/image\\\/\",\"url\":\"https:\\\/\\\/www.mieten24.ch\\\/wp-content\\\/uploads\\\/2018\\\/09\\\/mieten24.png\",\"contentUrl\":\"https:\\\/\\\/www.mieten24.ch\\\/wp-content\\\/uploads\\\/2018\\\/09\\\/mieten24.png\",\"width\":640,\"height\":400,\"caption\":\"Mieten24\"},\"image\":{\"@id\":\"https:\\\/\\\/www.mieten24.ch\\\/#\\\/schema\\\/logo\\\/image\\\/\"}}]}<\/script>\n<!-- \/ Yoast SEO plugin. -->","yoast_head_json":{"title":"HP ProBook 15.6\" Notebook (MIET.NB.001) - Mieten24 Mieten Sie sich ein Notebook","description":"Abholung des HP ProBook 15.6\"\u00a0im Verkaufsladen in Schaffhausen oder Versand nach Absprache. Sind noch fragen offen?\u00a0info@mieten24.ch\u00a0oder Tel. 052 674 09 90","robots":{"index":"index","follow":"follow","max-snippet":"max-snippet:-1","max-image-preview":"max-image-preview:large","max-video-preview":"max-video-preview:-1"},"canonical":"https:\/\/www.mieten24.ch\/?product=hp-probook-15-6-notebook","og_locale":"de_DE","og_type":"article","og_title":"HP ProBook 15.6\" Notebook (MIET.NB.001) - Mieten24 Mieten Sie sich ein Notebook","og_description":"Abholung des HP ProBook 15.6\"\u00a0im Verkaufsladen in Schaffhausen oder Versand nach Absprache. Sind noch fragen offen?\u00a0info@mieten24.ch\u00a0oder Tel. 052 674 09 90","og_url":"https:\/\/www.mieten24.ch\/?product=hp-probook-15-6-notebook","og_site_name":"Mieten24","article_modified_time":"2019-04-11T15:38:56+00:00","og_image":[{"width":2208,"height":1504,"url":"https:\/\/www.mieten24.ch\/wp-content\/uploads\/2018\/09\/hp.jpg","type":"image\/jpeg"}],"twitter_card":"summary_large_image","twitter_misc":{"Gesch\u00e4tzte Lesezeit":"1\u00a0Minute"},"schema":{"@context":"https:\/\/schema.org","@graph":[{"@type":"WebPage","@id":"https:\/\/www.mieten24.ch\/?product=hp-probook-15-6-notebook","url":"https:\/\/www.mieten24.ch\/?product=hp-probook-15-6-notebook","name":"HP ProBook 15.6\" Notebook (MIET.NB.001) - Mieten24 Mieten Sie sich ein Notebook","isPartOf":{"@id":"https:\/\/www.mieten24.ch\/#website"},"primaryImageOfPage":{"@id":"https:\/\/www.mieten24.ch\/?product=hp-probook-15-6-notebook#primaryimage"},"image":{"@id":"https:\/\/www.mieten24.ch\/?product=hp-probook-15-6-notebook#primaryimage"},"thumbnailUrl":"https:\/\/www.mieten24.ch\/wp-content\/uploads\/2018\/09\/hp.jpg","datePublished":"2018-09-01T09:27:19+00:00","dateModified":"2019-04-11T15:38:56+00:00","description":"Abholung des HP ProBook 15.6\"\u00a0im Verkaufsladen in Schaffhausen oder Versand nach Absprache. Sind noch fragen offen?\u00a0info@mieten24.ch\u00a0oder Tel. 052 674 09 90","breadcrumb":{"@id":"https:\/\/www.mieten24.ch\/?product=hp-probook-15-6-notebook#breadcrumb"},"inLanguage":"de","potentialAction":[{"@type":"ReadAction","target":["https:\/\/www.mieten24.ch\/?product=hp-probook-15-6-notebook"]}]},{"@type":"ImageObject","inLanguage":"de","@id":"https:\/\/www.mieten24.ch\/?product=hp-probook-15-6-notebook#primaryimage","url":"https:\/\/www.mieten24.ch\/wp-content\/uploads\/2018\/09\/hp.jpg","contentUrl":"https:\/\/www.mieten24.ch\/wp-content\/uploads\/2018\/09\/hp.jpg","width":2208,"height":1504,"caption":"hp"},{"@type":"BreadcrumbList","@id":"https:\/\/www.mieten24.ch\/?product=hp-probook-15-6-notebook#breadcrumb","itemListElement":[{"@type":"ListItem","position":1,"name":"Startseite","item":"https:\/\/www.mieten24.ch\/"},{"@type":"ListItem","position":2,"name":"HP ProBook 15.6&#8243; Notebook (MIET.NB.001)"}]},{"@type":"WebSite","@id":"https:\/\/www.mieten24.ch\/#website","url":"https:\/\/www.mieten24.ch\/","name":"Mieten24","description":"Mietger\u00e4te zum fairen Preis","publisher":{"@id":"https:\/\/www.mieten24.ch\/#organization"},"potentialAction":[{"@type":"SearchAction","target":{"@type":"EntryPoint","urlTemplate":"https:\/\/www.mieten24.ch\/?s={search_term_string}"},"query-input":{"@type":"PropertyValueSpecification","valueRequired":true,"valueName":"search_term_string"}}],"inLanguage":"de"},{"@type":"Organization","@id":"https:\/\/www.mieten24.ch\/#organization","name":"Mieten24","url":"https:\/\/www.mieten24.ch\/","logo":{"@type":"ImageObject","inLanguage":"de","@id":"https:\/\/www.mieten24.ch\/#\/schema\/logo\/image\/","url":"https:\/\/www.mieten24.ch\/wp-content\/uploads\/2018\/09\/mieten24.png","contentUrl":"https:\/\/www.mieten24.ch\/wp-content\/uploads\/2018\/09\/mieten24.png","width":640,"height":400,"caption":"Mieten24"},"image":{"@id":"https:\/\/www.mieten24.ch\/#\/schema\/logo\/image\/"}}]}},"_links":{"self":[{"href":"https:\/\/www.mieten24.ch\/index.php?rest_route=\/wp\/v2\/product\/45","targetHints":{"allow":["GET"]}}],"collection":[{"href":"https:\/\/www.mieten24.ch\/index.php?rest_route=\/wp\/v2\/product"}],"about":[{"href":"https:\/\/www.mieten24.ch\/index.php?rest_route=\/wp\/v2\/types\/product"}],"wp:featuredmedia":[{"embeddable":true,"href":"https:\/\/www.mieten24.ch\/index.php?rest_route=\/wp\/v2\/media\/248"}],"wp:attachment":[{"href":"https:\/\/www.mieten24.ch\/index.php?rest_route=%2Fwp%2Fv2%2Fmedia&parent=45"}],"wp:term":[{"taxonomy":"product_brand","embeddable":true,"href":"https:\/\/www.mieten24.ch\/index.php?rest_route=%2Fwp%2Fv2%2Fproduct_brand&post=45"},{"taxonomy":"product_cat","embeddable":true,"href":"https:\/\/www.mieten24.ch\/index.php?rest_route=%2Fwp%2Fv2%2Fproduct_cat&post=45"},{"taxonomy":"product_tag","embeddable":true,"href":"https:\/\/www.mieten24.ch\/index.php?rest_route=%2Fwp%2Fv2%2Fproduct_tag&post=45"}],"curies":[{"name":"wp","href":"https:\/\/api.w.org\/{rel}","templated":true}]}}